{"id":1608,"date":"2024-01-26T12:17:42","date_gmt":"2024-01-26T11:17:42","guid":{"rendered":"https:\/\/weltladen-kressbronn.de\/?page_id=1608"},"modified":"2024-02-20T10:12:53","modified_gmt":"2024-02-20T09:12:53","slug":"spenden","status":"publish","type":"page","link":"https:\/\/weltladen-kressbronn.de\/index.php\/spenden\/","title":{"rendered":"Spenden"},"content":{"rendered":"<h3 id=\"text-11\" class=\"widget widget_text\">Danke, dass Sie unsere Arbeit unterst\u00fctzen m\u00f6chten!<\/h3>\n<h4>Gerne erhalten wir Spenden auf folgender Bankverbindung:<\/h4>\n<p class=\"p1\"><span class=\"s1\">EineWeltVerein Kressbronn e. V.<\/span><\/p>\n<p>Volksbank Bodensee-Oberschwaben<\/p>\n<p>BIC: GENODES1TET<\/p>\n<p>IBAN: DE78651915000171727010<\/p>\n<p>&nbsp;<\/p>\n<h4>Oder mit Hilfe des Kontaktformulars:<\/h4>\n<div id='contact-form-1608'>\n<form action='https:\/\/weltladen-kressbronn.de\/index.php\/spenden\/#contact-form-1608' method='post' class='contact-form commentsblock'>\n\n<div class='grunion-field-wrap grunion-field-text-wrap'  >\n<label\n\t\t\t\tfor='g1608-spendenbeitagin'\n\t\t\t\tclass='grunion-field-label text'\n\t\t\t\t>Spendenbeitag (in \u20ac)<span>(erforderlich)<\/span><\/label>\n<input\n\t\t\t\t\ttype='text'\n\t\t\t\t\tname='g1608-spendenbeitagin'\n\t\t\t\t\tid='g1608-spendenbeitagin'\n\t\t\t\t\tvalue=''\n\t\t\t\t\tclass='text' \n\t\t\t\t\trequired aria-required='true'\n\t\t\t\t\/>\n\t<\/div>\n\n<div class='grunion-field-wrap grunion-field-checkbox-multiple-wrap'  >\n<label\n\t\t\t\tfor='g1608'\n\t\t\t\tclass='grunion-field-label'\n\t\t\t\t><span>(erforderlich)<\/span><\/label>\n\t\t<label class='grunion-checkbox-multiple-label checkbox-multiple'><input type='checkbox' name='g1608[]' value='Einmalig' class='checkbox-multiple'  \/> Einmalig<\/label>\n\t\t<div class='clear-form'><\/div>\n\t\t<label class='grunion-checkbox-multiple-label checkbox-multiple'><input type='checkbox' name='g1608[]' value='Monatlich' class='checkbox-multiple'  \/> Monatlich<\/label>\n\t\t<div class='clear-form'><\/div>\n\t\t<label class='grunion-checkbox-multiple-label checkbox-multiple'><input type='checkbox' name='g1608[]' value='Viertelj\u00e4hrlich' class='checkbox-multiple'  \/> Viertelj\u00e4hrlich<\/label>\n\t\t<div class='clear-form'><\/div>\n\t\t<label class='grunion-checkbox-multiple-label checkbox-multiple'><input type='checkbox' name='g1608[]' value='Halbj\u00e4hrlich' class='checkbox-multiple'  \/> Halbj\u00e4hrlich<\/label>\n\t\t<div class='clear-form'><\/div>\n\t\t<label class='grunion-checkbox-multiple-label checkbox-multiple'><input type='checkbox' name='g1608[]' value='J\u00e4hrlich' class='checkbox-multiple'  \/> J\u00e4hrlich<\/label>\n\t\t<div class='clear-form'><\/div>\n\t<\/div>\n\n<div class='grunion-field-wrap grunion-field-name-wrap'  >\n<label\n\t\t\t\tfor='g1608-name'\n\t\t\t\tclass='grunion-field-label name'\n\t\t\t\t>Name<span>(erforderlich)<\/span><\/label>\n<input\n\t\t\t\t\ttype='text'\n\t\t\t\t\tname='g1608-name'\n\t\t\t\t\tid='g1608-name'\n\t\t\t\t\tvalue=''\n\t\t\t\t\tclass='name' \n\t\t\t\t\trequired aria-required='true'\n\t\t\t\t\/>\n\t<\/div>\n\n<div class='grunion-field-wrap grunion-field-name-wrap'  >\n<label\n\t\t\t\tfor='g1608-vorname'\n\t\t\t\tclass='grunion-field-label name'\n\t\t\t\t>Vorname<span>(erforderlich)<\/span><\/label>\n<input\n\t\t\t\t\ttype='text'\n\t\t\t\t\tname='g1608-vorname'\n\t\t\t\t\tid='g1608-vorname'\n\t\t\t\t\tvalue=''\n\t\t\t\t\tclass='name' \n\t\t\t\t\trequired aria-required='true'\n\t\t\t\t\/>\n\t<\/div>\n\n<div class='grunion-field-wrap grunion-field-email-wrap'  >\n<label\n\t\t\t\tfor='g1608-email'\n\t\t\t\tclass='grunion-field-label email'\n\t\t\t\t>E-Mail<span>(erforderlich)<\/span><\/label>\n<input\n\t\t\t\t\ttype='email'\n\t\t\t\t\tname='g1608-email'\n\t\t\t\t\tid='g1608-email'\n\t\t\t\t\tvalue=''\n\t\t\t\t\tclass='email' \n\t\t\t\t\trequired aria-required='true'\n\t\t\t\t\/>\n\t<\/div>\n\n<div class='grunion-field-wrap grunion-field-text-wrap'  >\n<label\n\t\t\t\tfor='g1608-strassehausnummer'\n\t\t\t\tclass='grunion-field-label text'\n\t\t\t\t>Strasse \/ Hausnummer<span>(erforderlich)<\/span><\/label>\n<input\n\t\t\t\t\ttype='text'\n\t\t\t\t\tname='g1608-strassehausnummer'\n\t\t\t\t\tid='g1608-strassehausnummer'\n\t\t\t\t\tvalue=''\n\t\t\t\t\tclass='text' \n\t\t\t\t\trequired aria-required='true'\n\t\t\t\t\/>\n\t<\/div>\n\n<div class='grunion-field-wrap grunion-field-text-wrap'  >\n<label\n\t\t\t\tfor='g1608-plzort'\n\t\t\t\tclass='grunion-field-label text'\n\t\t\t\t>PLZ \/ Ort<span>(erforderlich)<\/span><\/label>\n<input\n\t\t\t\t\ttype='text'\n\t\t\t\t\tname='g1608-plzort'\n\t\t\t\t\tid='g1608-plzort'\n\t\t\t\t\tvalue=''\n\t\t\t\t\tclass='text' \n\t\t\t\t\trequired aria-required='true'\n\t\t\t\t\/>\n\t<\/div>\n\n<div class='grunion-field-wrap grunion-field-text-wrap'  >\n<label\n\t\t\t\tfor='g1608-bank'\n\t\t\t\tclass='grunion-field-label text'\n\t\t\t\t>Bank<span>(erforderlich)<\/span><\/label>\n<input\n\t\t\t\t\ttype='text'\n\t\t\t\t\tname='g1608-bank'\n\t\t\t\t\tid='g1608-bank'\n\t\t\t\t\tvalue=''\n\t\t\t\t\tclass='text' \n\t\t\t\t\trequired aria-required='true'\n\t\t\t\t\/>\n\t<\/div>\n\n<div class='grunion-field-wrap grunion-field-text-wrap'  >\n<label\n\t\t\t\tfor='g1608-iban'\n\t\t\t\tclass='grunion-field-label text'\n\t\t\t\t>IBAN<span>(erforderlich)<\/span><\/label>\n<input\n\t\t\t\t\ttype='text'\n\t\t\t\t\tname='g1608-iban'\n\t\t\t\t\tid='g1608-iban'\n\t\t\t\t\tvalue=''\n\t\t\t\t\tclass='text' \n\t\t\t\t\trequired aria-required='true'\n\t\t\t\t\/>\n\t<\/div>\n\n<div class='grunion-field-wrap grunion-field-name-wrap'  >\n<label\n\t\t\t\tfor='g1608-namekontoinhaber'\n\t\t\t\tclass='grunion-field-label name'\n\t\t\t\t>Name Kontoinhaber<span>(erforderlich)<\/span><\/label>\n<input\n\t\t\t\t\ttype='text'\n\t\t\t\t\tname='g1608-namekontoinhaber'\n\t\t\t\t\tid='g1608-namekontoinhaber'\n\t\t\t\t\tvalue=''\n\t\t\t\t\tclass='name' \n\t\t\t\t\trequired aria-required='true'\n\t\t\t\t\/>\n\t<\/div>\n\n<div class='grunion-field-wrap grunion-field-checkbox-wrap'  >\n<label class='grunion-field-label checkbox'>\t\t<input type='checkbox' name='g1608-sepalastschriftmandatichermchtigedeneineweltvereinkressbronne-v-zahlungenvonmeinemkontomittelslastschrifteinzuziehen-zugleichweiseichmeinkreditinstitutandievomeineweltvereinkressbronne-v-aufmei' value='Ja' class='checkbox'  required aria-required='true'\/> \n\t\tSEPA-Lastschriftmandat: Ich erm\u00e4chtige den EineWeltVerein Kressbronn e. V., Zahlungen von meinem Konto mittels Lastschrift einzuziehen. Zugleich weise ich mein Kreditinstitut an, die vom EineWeltVerein Kressbronn e. V. auf mein Konto gezogenen Lastschriften einzul\u00f6sen. Hinweis: Ich kann innerhalb von acht Wochen, beginnend mit dem Belastungsdatum, die Erstattung des belastenden Betrages verlangen. Es gelten dabei die mit meinem Kreditinstitut vereinbarten Bedingungen.*<span>(erforderlich)<\/span><\/label>\n<div class='clear-form'><\/div>\n\t<\/div>\n\n<div class='grunion-field-wrap grunion-field-checkbox-wrap'  >\n<label class='grunion-field-label checkbox'>\t\t<input type='checkbox' name='g1608-einwilligungdatenschutzdieuntenangegebenendatenschutzhinweisehabeichzurkenntnisgenommen' value='Ja' class='checkbox'  required aria-required='true'\/> \n\t\tEinwilligung Datenschutz: Die unten angegebenen Datenschutzhinweise habe ich zur Kenntnis genommen.*<span>(erforderlich)<\/span><\/label>\n<div class='clear-form'><\/div>\n\t<\/div>\n\n<div class='grunion-field-wrap grunion-field-textarea-wrap'  >\n<label\n\t\t\t\tfor='contact-form-comment-g1608-ihrenachrichtanuns'\n\t\t\t\tclass='grunion-field-label textarea'\n\t\t\t\t>Ihre Nachricht an uns:<\/label>\n<textarea\n\t\t                name='g1608-ihrenachrichtanuns'\n\t\t                id='contact-form-comment-g1608-ihrenachrichtanuns'\n\t\t                rows='20' class='textarea'  ><\/textarea>\n\t<\/div>\n\t<p class='contact-submit'>\n\t\t<button type='submit' class='pushbutton-wide'>Senden<\/button>\t\t<input type='hidden' name='contact-form-id' value='1608' \/>\n\t\t<input type='hidden' name='action' value='grunion-contact-form' \/>\n\t\t<input type='hidden' name='contact-form-hash' value='dbb4a723eadf81d3b1a6cb092e6e18137d9a11c1' \/>\n\t<\/p>\n<\/form>\n<\/div>\n<h4>Der Verein ist unter der Nummer VR 757 beim Amtsgericht Ulm registriert. Der Verein ist vom Finanz- amt Friedrichshafen als gemeinn\u00fctzig anerkannt. Freistellungsbescheid vom 29.7.2019, Steuernummer 61018\/066468.<\/h4>\n<h4><strong>Ihre Spendenbescheinigung<\/strong><\/h4>\n<p>Spenden an den Weltladen Kressbronn sind steuerlich absetzbar. Sie erhalten automatisch zu Beginn des Folgejahres eine Spendenbescheinigung (Zuwendungsbest\u00e4tigung) \u00fcber Ihren F\u00f6rderbeitrag. Daf\u00fcr ben\u00f6tigen wir Ihre oben vollst\u00e4ndig angegebene Adresse.<\/p>\n<p>&nbsp;<\/p>\n<h4 class=\"p1\"><span class=\"s1\">Datenschutzhinweise<\/span><\/h4>\n<p class=\"p1\"><span class=\"s1\">Ihre Daten werden durch EineWeltVerein Kressbronn e. V. erhoben und gem\u00e4\u00df der einschl\u00e4gigen gesetzlichen Bestimmungen elektronisch verarbeitet und genutzt, um Ihre Anfrage zu beantworten, Ihre Spende abzuwickeln und Ihnen ggf. \u00fcber Ihre Spenden eine Zuwendungsbest\u00e4tigung zu erstellen.<\/span><\/p>\n<p class=\"p1\"><span class=\"s1\">Zudem verwenden wir Ihre Daten, um Sie weiter \u00fcber die Arbeit des EineWeltVerein Kressbronn e. V. schriftlich oder per E-Mail zu informieren. Ihre Daten werden nicht an Dritte zu Werbezwecken weitergegeben. Sie k\u00f6nnen einer Nutzung Ihrer Daten f\u00fcr weitere Informationszwecke jederzeit widersprechen. Weitere Informationen u.a. zu Ihren Rechten auf Auskunft, Berichtigung, L\u00f6schung und Beschwerde finden Sie in unserer\u00a0<a href=\"https:\/\/weltladen-kressbronn.de\/index.php\/privacy-policy\/\">Datenschutzerkl\u00e4rung<\/a>.<\/span><\/p>\n","protected":false},"excerpt":{"rendered":"<p>Danke, dass Sie unsere Arbeit unterst\u00fctzen m\u00f6chten! Gerne erhalten wir Spenden auf folgender Bankverbindung: EineWeltVerein Kressbronn e. V. Volksbank Bodensee-Oberschwaben BIC: GENODES1TET IBAN: DE78651915000171727010 &nbsp; Oder mit Hilfe des Kontaktformulars: Der Verein ist unter der Nummer VR 757 beim Amtsgericht Ulm registriert. Der Verein ist vom Finanz- amt Friedrichshafen als gemeinn\u00fctzig anerkannt. Freistellungsbescheid vom 29.7.2019, [&hellip;]<\/p>\n","protected":false},"author":10,"featured_media":0,"parent":0,"menu_order":101,"comment_status":"closed","ping_status":"closed","template":"","meta":{"spay_email":""},"_links":{"self":[{"href":"https:\/\/weltladen-kressbronn.de\/index.php\/wp-json\/wp\/v2\/pages\/1608"}],"collection":[{"href":"https:\/\/weltladen-kressbronn.de\/index.php\/wp-json\/wp\/v2\/pages"}],"about":[{"href":"https:\/\/weltladen-kressbronn.de\/index.php\/wp-json\/wp\/v2\/types\/page"}],"author":[{"embeddable":true,"href":"https:\/\/weltladen-kressbronn.de\/index.php\/wp-json\/wp\/v2\/users\/10"}],"replies":[{"embeddable":true,"href":"https:\/\/weltladen-kressbronn.de\/index.php\/wp-json\/wp\/v2\/comments?post=1608"}],"version-history":[{"count":9,"href":"https:\/\/weltladen-kressbronn.de\/index.php\/wp-json\/wp\/v2\/pages\/1608\/revisions"}],"predecessor-version":[{"id":1676,"href":"https:\/\/weltladen-kressbronn.de\/index.php\/wp-json\/wp\/v2\/pages\/1608\/revisions\/1676"}],"wp:attachment":[{"href":"https:\/\/weltladen-kressbronn.de\/index.php\/wp-json\/wp\/v2\/media?parent=1608"}],"curies":[{"name":"wp","href":"https:\/\/api.w.org\/{rel}","templated":true}]}}